 number?
True
Is 54956129 a composite number?
False
Is 483811999 a composite number?
True
Is 177018710821 prime?
True
Is 3266231785 a composite number?
True
Is 516888721 prime?
False
Is 1637345761 prime?
False
Is 33789074653 prime?
False
Is 58960039 prime?
False
Is 10252696297 a prime number?
False
Is 3962521757 composite?
True
Is 4539257293 a prime number?
True
Is 1800576631 a prime number?
False
Is 47807433731 prime?
False
Is 115532023 composite?
False
Is 987375311 a composite number?
True
Is 15804262901 composite?
True
Is 424027119 a composite number?
True
Is 5048756903 prime?
False
Is 63982943 prime?
True
Is 365948813 composite?
True
Is 5898656131 a composite number?
True
Is 77637041 composite?
False
Is 1404811283 prime?
False
Is 34623961331 a composite number?
True
Is 3898229233 a composite number?
True
Is 69209002747 a composite number?
True
Is 11848720951 composite?
True
Is 58167647617 a prime number?
True
Is 7190327351 a prime number?
True
Is 1627302583 prime?
False
Is 64464172319 composite?
True
Is 273565361 composite?
False
Is 768831949 prime?
False
Is 7635077623 a composite number?
False
Is 293472787 prime?
True
Is 5717280939 composite?
True
Is 6498024629 a prime number?
False
Is 2580136417 a composite number?
True
Is 7612158019 composite?
True
Is 27762779761 prime?
True
Is 541181341 prime?
True
Is 2410097023 a composite number?
False
Is 1111951339 prime?
True
Is 4265494342 a composite number?
True
Is 163904177 a prime number?
False
Is 127414373 prime?
True
Is 7449947501 prime?
True
Is 2174992593 a prime number?
False
Is 21601968499 a composite number?
True
Is 9059277823 a composite number?
False
Is 12543384713 a prime number?
True
Is 17315247217 composite?
False
Is 15152863861 prime?
False
Is 1026894097 prime?
True
Is 19284211981 a composite number?
False
Is 415837399 prime?
False
Is 20715334597 a prime number?
True
Is 1993568173 composite?
False
Is 2916983 composite?
True
Is 8229096409 a prime number?
True
Is 17386321591 a composite number?
True
Is 3898944219 a prime number?
False
Is 390241847 composite?
True
Is 2119870043 a prime number?
False
Is 137918551 a prime number?
True
Is 2576279917 composite?
True
Is 493886539 a prime number?
True
Is 5605152257 a prime number?
False
Is 19485354607 prime?
True
Is 377194603 a composite number?
True
Is 30578129 a prime number?
True
Is 4157494079 prime?
False
Is 19984443077 a prime number?
False
Is 891928867 prime?
True
Is 351915470345 a composite number?
True
Is 1724976233 composite?
True
Is 1592188571 a composite number?
False
Is 299360209 prime?
False
Is 784824041 a composite number?
False
Is 553149794 a prime number?
False
Is 4379873501 a prime number?
False
Is 493547149 composite?
True
Is 2916661817 a composite number?
False
Is 29917280919 prime?
False
Is 123884573 prime?
True
Is 15425366213 a composite number?
False
Is 14872995437 a prime number?
True
Is 414259069 a prime number?
False
Is 52034895137 a composite number?
True
Is 4380018707 prime?
False
Is 84888515941 composite?
True
Is 21197914663 prime?
True
Is 20378962193 composite?
True
Is 2221646771 a composite number?
True
Is 2481985501 a composite number?
True
Is 4451304079 composite?
True
Is 3022601239 prime?
False
Is 10359593897 a composite number?
False
Is 8902720669 a prime number?
True
Is 3453530411 a prime number?
True
Is 15924926903 a composite number?
False
Is 149013901 composite?
False
Is 869377811 a prime number?
True
Is 60880331951 prime?
True
Is 18307836763 prime?
False
Is 327170453 a prime number?
False
Is 637574837 prime?
False
Is 1918343753 prime?
False
Is 1115934227 prime?
False
Is 2944937981 composite?
False
Is 191708625527 composite?
False
Is 1543306309 a composite number?
False
Is 3296128601 a composite number?
False
Is 30902924821 composite?
True
Is 6027027245 a composite number?
True
Is 46983132043 composite?
True
Is 3126741529 a composite number?
False
Is 245821993 a prime number?
False
Is 34719613735 a prime number?
False
Is 994132889 composite?
False
Is 80587267609 prime?
True
Is 11847578947 a composite number?
True
Is 2883064669 a composite number?
True
Is 20830699447 composite?
False
Is 8542018687 a composite number?
False
Is 169099219 composite?
False
Is 5006907869 a composite number?
True
Is 35648830279 a prime number?
False
Is 387880061 a prime number?
False
Is 1862672671 a prime number?
False
Is 13246862659 a composite number?
True
Is 8329581227 composite?
True
Is 1737121277 composite?
True
Is 52850677 a composite number?
True
Is 21610203139 prime?
False
Is 42861786131 composite?
True
Is 2151165949 composite?
False
Is 45655205693 a composite number?
True
Is 4158113801 composite?
True
Is 1840645649 composite?
False
Is 1699647349 prime?
False
Is 106121034541 a composite number?
False
Is 11732602577 a composite number?
False
Is 465890629 composite?
False
Is 40605233 prime?
False
Is 38248233469 prime?
False
Is 152824517 prime?
True
Is 2574681727 a composite number?
False
Is 6512074973 composite?
False
Is 2646207989 a prime number?
True
Is 1921743787 prime?
False
Is 584408147 composite?
False
Is 3063047623 a prime number?
True
Is 5591413571 a composite number?
False
Is 2182673585 composite?
True
Is 35442250057 composite?
True
Is 110117647 a prime number?
False
Is 11686480217 prime?
True
Is 1271175281 prime?
True
Is 370633607 a composite number?
False
Is 6518091383 a composite number?
False
Is 13593844837 a prime number?
True
Is 518483767 a prime number?
True
Is 648586847 prime?
True
Is 26358335797 prime?
False
Is 2776288091 a composite number?
False
Is 139497283421 composite?
False
Is 59166509327 prime?
True
Is 20967896857 prime?
False
Is 168002763707 a composite number?
False
Is 12665851553 prime?
True
Is 847721579 composite?
True
Is 30250184707 prime?
False
Is 3246435509 a composite number?
True
Is 615383257 prime?
True
Is 5421974353 a prime number?
False
Is 2403301757 a prime number?
True
Is 2653411039 a composite number?
False
Is 13413856661 a prime number?
True
Is 5274856121 a prime number?
True
Is 1678458011 a prime number?
True
Is 15863498047 composite?
False
Is 75254843485 a prime number?
False
Is 24477543289 a prime number?
False
Is 2519594833 prime?
False
Is 45552422911 a composite number?
False
Is 1056155899 prime?
True
Is 1234928561 a composite number?
False
Is 15064405471 a prime number?
True
Is 3339792649 a composite number?
True
Is 12422374091 a prime number?
True
Is 418331027 a composite number?
True
Is 280644848795 composite?
True
Is 4927572157 composite?
True
Is 1094616287 a composite number?
True
Is 4332940991 a composite number?
False
Is 678172543 composite?
False
Is 245503543607 composite?
True
Is 5058188209 composite?
True
Is 21347478853 a composite number?
True
Is 86276617 a prime number?
False
Is 54757939277 a prime number?
True
Is 378560797 composite?
True
Is 101025160139 a prime number?
True
Is 8561302943 composite?
False
Is 359616887 a prime number?
False
Is 2614046651 composite?
False
Is 6147890831 a prime number?
True
Is 434584385 prime?
False
Is 850291307 composite?
False
Is 103552103 a composite number?
False
Is 7117354329 a prime number?
False
Is 3597202403 prime?
True
Is 934015317 prime?
False
Is 132433559953 prime?
False
Is 1072418921 prime?
False
Is 50403453881 composite?
True
Is 2593999469 a prime number?
True
Is 952615231 a prime number?
True
Is 35262247 prime?
False
Is 1402897519 composite?
True
Is 1800794239 a prime number?
False
Is 286443383 composite?
False
Is 140648897 composite?
False
Is 2037475291 composite?
True
Is 43471177 a prime number?
False
Is 3715538639 a composite number?
False
Is 3552285743 prime?
True
Is 82103400745 prime?
False
Is 2688984241 prime?
False
Is 2072221819 prime?
True
Is 511194973 a composite number?
False
Is 8211947 prime?
False
Is 8989538098 a prime number?
False
Is 6469473481 a prime number?
True
Is 60803241677 composite?
False
Is 18945628451 composite?
False
Is 41938459 a prime number?
False
Is 63637934498 composite?
True
Is 9487532279 composite?
True
Is 3187529327 composite?
True
Is 6988251121 a prime number?
False
Is 25497141577 a composite number?
False
Is 41991687173 composite?
False
Is 1620445994 a prime number?
False
Is 95278597 a prime number?
False
Is 127891341779 a prime number?
False
Is 965193727 a prime number?
False
Is 